{"id":1746,"date":"2025-02-18T20:48:04","date_gmt":"2025-02-18T19:48:04","guid":{"rendered":"https:\/\/maruskahackuje.cz\/?post_type=product&#038;p=1746"},"modified":"2025-04-01T18:56:32","modified_gmt":"2025-04-01T16:56:32","slug":"modra-ovecka","status":"publish","type":"product","link":"https:\/\/maruskahackuje.cz\/index.php\/product\/modra-ovecka\/","title":{"rendered":"Modr\u00e1 ove\u010dka"},"content":{"rendered":"<p>Velikost: cca 37 cm.<br \/>\nMateri\u00e1l: p\u0159\u00edze Himalaya Dolphin Baby, Betynka, n\u00e1pl\u0148 dut\u00e9 vl\u00e1kno, bezpe\u010dnostn\u00ed o\u010di, kovov\u00fd zvone\u010dek, d\u0159ev\u011bn\u00e9 knofl\u00ed\u010dky.<br \/>\nSlou\u017e\u00ed pouze k dekorativn\u00edm \u00fa\u010del\u016fm \u2013 vhodn\u00e9 k vystaven\u00ed na komodu, poli\u010dku, parapet apod.<\/p>\n","protected":false},"excerpt":{"rendered":"<p data-start=\"85\" data-end=\"361\">Tato jedine\u010dn\u00e1 h\u00e1\u010dkovan\u00e1 ove\u010dka v n\u00e1dhern\u00fdch odst\u00ednech modr\u00e9 p\u0159in\u00e1\u0161\u00ed do va\u0161eho domova klid a pohodu. Je hebou\u010dk\u00e1 na dotek, ozdoben\u00e1 d\u0159ev\u011bn\u00fdmi knofl\u00ed\u010dky a kolem krku j\u00ed cink\u00e1 jemn\u00fd st\u0159\u00edbrn\u00fd zvone\u010dek. Skv\u011ble se hod\u00ed jako dekorace nejen na jaro, ale i po cel\u00fd rok.<\/p>\n<p data-start=\"363\" data-end=\"560\">\ud83d\udc11 <strong data-start=\"366\" data-end=\"420\">Origin\u00e1ln\u00ed ru\u010dn\u00ed pr\u00e1ce \u2013 ka\u017ed\u00fd kousek je jedine\u010dn\u00fd<\/strong><br data-start=\"420\" data-end=\"423\" \/>\ud83d\udd14 <strong data-start=\"426\" data-end=\"467\">St\u0159\u00edbrn\u00fd zvone\u010dek dod\u00e1v\u00e1 n\u011b\u017en\u00fd detail<\/strong><br data-start=\"467\" data-end=\"470\" \/>\ud83c\udf3f <strong data-start=\"473\" data-end=\"514\">D\u0159ev\u011bn\u00e9 knofl\u00ed\u010dky pro p\u0159\u00edrodn\u00ed vzhled<\/strong><br data-start=\"514\" data-end=\"517\" \/>\ud83d\udc99 <strong data-start=\"520\" data-end=\"558\">Jemn\u00e1 kombinace modr\u00fdch odst\u00edn\u016f<\/strong><\/p>\n<p data-start=\"562\" data-end=\"662\" data-is-last-node=\"\">Hled\u00e1te ove\u010dku, kter\u00e1 vnese do va\u0161eho domova klid a kouzlo ru\u010dn\u00ed pr\u00e1ce? Tahle \u010dek\u00e1 pr\u00e1v\u011b na v\u00e1s! \ud83d\udc0f<\/p>\n","protected":false},"featured_media":1519,"comment_status":"open","ping_status":"closed","template":"","meta":{"_uag_custom_page_level_css":"","_monsterinsights_skip_tracking":false,"_monsterinsights_sitenote_active":false,"_monsterinsights_sitenote_note":"","_monsterinsights_sitenote_category":0,"_kadence_starter_templates_imported_post":false,"_kad_post_transparent":"default","_kad_post_title":"","_kad_post_layout":"default","_kad_post_sidebar_id":"","_kad_post_content_style":"default","_kad_post_vertical_padding":"default","_kad_post_feature":"","_kad_post_feature_position":"","_kad_post_header":false,"_kad_post_footer":false,"_kad_post_classname":""},"product_brand":[],"product_cat":[28],"product_tag":[],"class_list":{"0":"post-1746","1":"product","2":"type-product","3":"status-publish","4":"has-post-thumbnail","6":"product_cat-zviratka","8":"first","9":"instock","10":"shipping-taxable","11":"purchasable","12":"product-type-simple","13":"entry","14":"content-bg","15":"loop-entry"},"uagb_featured_image_src":{"full":["https:\/\/maruskahackuje.cz\/wp-content\/uploads\/2024\/10\/IMG_3027.jpg",1920,1920,false],"thumbnail":["https:\/\/maruskahackuje.cz\/wp-content\/uploads\/2024\/10\/IMG_3027-150x150.jpg",150,150,true],"medium":["https:\/\/maruskahackuje.cz\/wp-content\/uploads\/2024\/10\/IMG_3027-300x300.jpg",300,300,true],"medium_large":["https:\/\/maruskahackuje.cz\/wp-content\/uploads\/2024\/10\/IMG_3027-768x768.jpg",768,768,true],"large":["https:\/\/maruskahackuje.cz\/wp-content\/uploads\/2024\/10\/IMG_3027-1024x1024.jpg",1024,1024,true],"1536x1536":["https:\/\/maruskahackuje.cz\/wp-content\/uploads\/2024\/10\/IMG_3027-1536x1536.jpg",1536,1536,true],"2048x2048":["https:\/\/maruskahackuje.cz\/wp-content\/uploads\/2024\/10\/IMG_3027.jpg",1920,1920,false],"woocommerce_thumbnail":["https:\/\/maruskahackuje.cz\/wp-content\/uploads\/2024\/10\/IMG_3027-300x300.jpg",300,300,true],"woocommerce_single":["https:\/\/maruskahackuje.cz\/wp-content\/uploads\/2024\/10\/IMG_3027-600x600.jpg",600,600,true],"woocommerce_gallery_thumbnail":["https:\/\/maruskahackuje.cz\/wp-content\/uploads\/2024\/10\/IMG_3027-100x100.jpg",100,100,true]},"uagb_author_info":{"display_name":"admin","author_link":"https:\/\/maruskahackuje.cz\/index.php\/author\/"},"uagb_comment_info":0,"uagb_excerpt":"Tato jedine\u010dn\u00e1 h\u00e1\u010dkovan\u00e1 ove\u010dka v n\u00e1dhern\u00fdch odst\u00ednech modr\u00e9 p\u0159in\u00e1\u0161\u00ed do va\u0161eho domova klid a pohodu. Je hebou\u010dk\u00e1 na dotek, ozdoben\u00e1 d\u0159ev\u011bn\u00fdmi knofl\u00ed\u010dky a kolem krku j\u00ed cink\u00e1 jemn\u00fd st\u0159\u00edbrn\u00fd zvone\u010dek. Skv\u011ble se hod\u00ed jako dekorace nejen na jaro, ale i po cel\u00fd rok. \ud83d\udc11 Origin\u00e1ln\u00ed ru\u010dn\u00ed pr\u00e1ce \u2013 ka\u017ed\u00fd kousek je jedine\u010dn\u00fd\ud83d\udd14 St\u0159\u00edbrn\u00fd zvone\u010dek dod\u00e1v\u00e1&hellip;","_links":{"self":[{"href":"https:\/\/maruskahackuje.cz\/index.php\/wp-json\/wp\/v2\/product\/1746","targetHints":{"allow":["GET"]}}],"collection":[{"href":"https:\/\/maruskahackuje.cz\/index.php\/wp-json\/wp\/v2\/product"}],"about":[{"href":"https:\/\/maruskahackuje.cz\/index.php\/wp-json\/wp\/v2\/types\/product"}],"replies":[{"embeddable":true,"href":"https:\/\/maruskahackuje.cz\/index.php\/wp-json\/wp\/v2\/comments?post=1746"}],"wp:featuredmedia":[{"embeddable":true,"href":"https:\/\/maruskahackuje.cz\/index.php\/wp-json\/wp\/v2\/media\/1519"}],"wp:attachment":[{"href":"https:\/\/maruskahackuje.cz\/index.php\/wp-json\/wp\/v2\/media?parent=1746"}],"wp:term":[{"taxonomy":"product_brand","embeddable":true,"href":"https:\/\/maruskahackuje.cz\/index.php\/wp-json\/wp\/v2\/product_brand?post=1746"},{"taxonomy":"product_cat","embeddable":true,"href":"https:\/\/maruskahackuje.cz\/index.php\/wp-json\/wp\/v2\/product_cat?post=1746"},{"taxonomy":"product_tag","embeddable":true,"href":"https:\/\/maruskahackuje.cz\/index.php\/wp-json\/wp\/v2\/product_tag?post=1746"}],"curies":[{"name":"wp","href":"https:\/\/api.w.org\/{rel}","templated":true}]}}